{"id":11903,"date":"2016-06-20T22:57:23","date_gmt":"2016-06-20T22:57:23","guid":{"rendered":"http:\/\/arbeitsrecht-hernichel.com\/?page_id=11903"},"modified":"2017-09-29T14:36:10","modified_gmt":"2017-09-29T12:36:10","slug":"impressum","status":"publish","type":"page","link":"http:\/\/arbeitsrecht-hernichel.com\/?page_id=11903","title":{"rendered":"Impressum"},"content":{"rendered":"<div  class=\"fusion-fullwidth fullwidth-box nonhundred-percent-fullwidth\"  style='background-color: rgba(255,255,255,0);background-position: center center;background-repeat: no-repeat;padding-top:0px;padding-right:0px;padding-bottom:0px;padding-left:0px;'><div class=\"fusion-builder-row fusion-row \"><div  class=\"fusion-layout-column fusion_builder_column fusion_builder_column_1_1  fusion-one-full fusion-column-first fusion-column-last 1_1\"  style='margin-top:0px;margin-bottom:0px;'>\n\t\t\t<div class=\"fusion-column-wrapper\" style=\"background-position:left top;background-repeat:no-repeat;-webkit-background-size:cover;-moz-background-size:cover;-o-background-size:cover;background-size:cover;\"  data-bg-url=\"\">\n\t\t\t\t<p>Dr. Erhard Hernichel<br \/>\nRechtsanwalt<br \/>\nFachanwalt f\u00fcr Arbeitsrecht<br \/>\nFriedrichstra\u00dfe 2-6<br \/>\n60323 Frankfurt am Main<\/p>\n<p>Tel. 069 24247700<br \/>\nFax 069 24247701<br \/>\nE-Mail\u00a0 kanzlei@hernichel.com<\/p>\n<p>Inhaltlich verantwortlich f\u00fcr diese Seite: Dr. Erhard Hernichel<\/p>\n<p><strong>Zust\u00e4ndige Aufsichtsbeh\u00f6rde<\/strong><\/p>\n<p>Rechtsanwaltskammer Frankfurt am Main<br \/>\nBockenheimer Anlage 36<br \/>\n60322 Frankfurt am Main<br \/>\nTel. 069 170098-01<br \/>\nFax 069 170098-50<br \/>\nElektronische Post: info@rechtsanwaltskammer-ffm.de<br \/>\nInternet: www.rechtsanwaltskammer-ffm.de<\/p>\n<p><strong>Berufsbezeichnung<\/strong><\/p>\n<p>Herr Dr. Erhard Hernichel ist nach dem Recht der Bundesrepublik Deutschland als Rechtsanwalt zugelassen. Er ist Mitglied der Rechtsanwaltskammer Hessen.<\/p>\n<p><strong>Umsatzsteueridentifikationsnummer (\u00a7 27a UStG)<\/strong><\/p>\n<p>USt-ldNr.: DE200273284<\/p>\n<p><strong>Berufsrechtliche Regelungen<\/strong><\/p>\n<p>Die T\u00e4tigkeit des Rechtsanwalts unterliegt folgenden berufsrechtlichen Regelungen:<\/p>\n<p>Bundesrechtsanwaltsordnung (BRAO)<br \/>\nBerufsordnung f\u00fcr Rechtsanw\u00e4lte (BORA)<br \/>\nFachanwaltsordnung (FAO)<br \/>\nGesetz \u00fcber die T\u00e4tigkeit europ\u00e4ischer Rechtsanw\u00e4lte in Deutschland (EuRAG)<br \/>\nBerufsregeln der Rechtsanw\u00e4lte der Europ\u00e4ischen Union (CCBE-Berufsregeln)<br \/>\nBerufsrechtliche Erg\u00e4nzungen zum Geldw\u00e4schebek\u00e4mpfungsgesetz (GwG)<br \/>\nRechtsanwaltsverg\u00fctungsgesetz (RVG)<br \/>\nDie aktuellen Fassungen der Gesetze k\u00f6nnen \u00fcber die Homepage der Bundesrechtsanwaltskammer \u2013 www.brak.de \u2013 in der Rubrik \u201eBerufsrecht\u201c eingesehen und abgerufen werden.<\/p>\n<p><strong>Berufshaftpflichtversicherung<\/strong><\/p>\n<p>HDI Versicherung AG<br \/>\nHDI-Platz 1<br \/>\n30659 Hannover<br \/>\nR\u00e4umlicher Geltungsbereich: geografisches Europa<\/p>\n<p><strong>Au\u00dfergerichtliche Streitschlichtung:<\/strong><\/p>\n<p>Bei au\u00dfergerichtlichen Streitigkeiten zwischen Rechtsanw\u00e4lten und ihren Auftraggebern besteht auf Antrag die M\u00f6glichkeit der au\u00dfergerichtlichen Streitschlichtung<br \/>\nbei der regionalen Rechtsanwaltskammer Frankfurt am Main (\u00a7 73 Abs. 2 Nr. 3 i. V. m. \u00a7 73 Abs. 5 BRAO),<br \/>\nbei der Schlichtungsstelle der Rechtsanwaltschaft bei der Bundesrechtsanwaltskammer (\u00a7 191 f. BRAO), im Internet zu finden \u00fcber die Bundesrechtsanwaltskammer www.brak.de, E-Mail: schlichtungsstelle@brak.de.<br \/>\noder \u00fcber die europ\u00e4ische Onlinestreitbeilegungs-Plattform (OS-Plattform), im Internet zu finden unter https:\/\/webgate.ec.europa.eu\/odr\/main\/index.cfm?event=main.home.show&amp;lng=DE.<\/p>\n<div class=\"fusion-clearfix\"><\/div>\n\n\t\t\t<\/div>\n\t\t<\/div><\/div><\/div>\n","protected":false},"excerpt":{"rendered":"","protected":false},"author":1,"featured_media":0,"parent":0,"menu_order":0,"comment_status":"closed","ping_status":"closed","template":"","meta":[],"yoast_head":"<!-- This site is optimized with the Yoast SEO plugin v19.14 - https:\/\/yoast.com\/wordpress\/plugins\/seo\/ -->\n<title>Impressum - Kanzlei f\u00fcr Arbeitsrecht Dr. Hernichel<\/title>\n<meta name=\"robots\" content=\"index, follow, max-snippet:-1, max-image-preview:large, max-video-preview:-1\" \/>\n<link rel=\"canonical\" href=\"http:\/\/arbeitsrecht-hernichel.com\/?page_id=11903\" \/>\n<meta property=\"og:locale\" content=\"de_DE\" \/>\n<meta property=\"og:type\" content=\"article\" \/>\n<meta property=\"og:title\" content=\"Impressum - Kanzlei f\u00fcr Arbeitsrecht Dr. Hernichel\" \/>\n<meta property=\"og:url\" content=\"http:\/\/arbeitsrecht-hernichel.com\/?page_id=11903\" \/>\n<meta property=\"og:site_name\" content=\"Kanzlei f\u00fcr Arbeitsrecht Dr. Hernichel\" \/>\n<meta property=\"article:modified_time\" content=\"2017-09-29T12:36:10+00:00\" \/>\n<meta name=\"twitter:card\" content=\"summary_large_image\" \/>\n<meta name=\"twitter:label1\" content=\"Gesch\u00e4tzte Lesezeit\" \/>\n\t<meta name=\"twitter:data1\" content=\"2 Minuten\" \/>\n<script type=\"application\/ld+json\" class=\"yoast-schema-graph\">{\"@context\":\"https:\/\/schema.org\",\"@graph\":[{\"@type\":\"WebPage\",\"@id\":\"http:\/\/arbeitsrecht-hernichel.com\/?page_id=11903\",\"url\":\"http:\/\/arbeitsrecht-hernichel.com\/?page_id=11903\",\"name\":\"Impressum - Kanzlei f\u00fcr Arbeitsrecht Dr. Hernichel\",\"isPartOf\":{\"@id\":\"http:\/\/arbeitsrecht-hernichel.com\/#website\"},\"datePublished\":\"2016-06-20T22:57:23+00:00\",\"dateModified\":\"2017-09-29T12:36:10+00:00\",\"breadcrumb\":{\"@id\":\"http:\/\/arbeitsrecht-hernichel.com\/?page_id=11903#breadcrumb\"},\"inLanguage\":\"de-DE\",\"potentialAction\":[{\"@type\":\"ReadAction\",\"target\":[\"http:\/\/arbeitsrecht-hernichel.com\/?page_id=11903\"]}]},{\"@type\":\"BreadcrumbList\",\"@id\":\"http:\/\/arbeitsrecht-hernichel.com\/?page_id=11903#breadcrumb\",\"itemListElement\":[{\"@type\":\"ListItem\",\"position\":1,\"name\":\"Startseite\",\"item\":\"http:\/\/arbeitsrecht-hernichel.com\/\"},{\"@type\":\"ListItem\",\"position\":2,\"name\":\"Impressum\"}]},{\"@type\":\"WebSite\",\"@id\":\"http:\/\/arbeitsrecht-hernichel.com\/#website\",\"url\":\"http:\/\/arbeitsrecht-hernichel.com\/\",\"name\":\"Kanzlei f\u00fcr Arbeitsrecht Dr. Hernichel\",\"description\":\"Erfolg im Arbeitsrecht f\u00fcr Arbeitnehmer und Betriebsr\u00e4te!\",\"potentialAction\":[{\"@type\":\"SearchAction\",\"target\":{\"@type\":\"EntryPoint\",\"urlTemplate\":\"http:\/\/arbeitsrecht-hernichel.com\/?s={search_term_string}\"},\"query-input\":\"required name=search_term_string\"}],\"inLanguage\":\"de-DE\"}]}<\/script>\n<!-- \/ Yoast SEO plugin. -->","yoast_head_json":{"title":"Impressum - Kanzlei f\u00fcr Arbeitsrecht Dr. Hernichel","robots":{"index":"index","follow":"follow","max-snippet":"max-snippet:-1","max-image-preview":"max-image-preview:large","max-video-preview":"max-video-preview:-1"},"canonical":"http:\/\/arbeitsrecht-hernichel.com\/?page_id=11903","og_locale":"de_DE","og_type":"article","og_title":"Impressum - Kanzlei f\u00fcr Arbeitsrecht Dr. Hernichel","og_url":"http:\/\/arbeitsrecht-hernichel.com\/?page_id=11903","og_site_name":"Kanzlei f\u00fcr Arbeitsrecht Dr. Hernichel","article_modified_time":"2017-09-29T12:36:10+00:00","twitter_card":"summary_large_image","twitter_misc":{"Gesch\u00e4tzte Lesezeit":"2 Minuten"},"schema":{"@context":"https:\/\/schema.org","@graph":[{"@type":"WebPage","@id":"http:\/\/arbeitsrecht-hernichel.com\/?page_id=11903","url":"http:\/\/arbeitsrecht-hernichel.com\/?page_id=11903","name":"Impressum - Kanzlei f\u00fcr Arbeitsrecht Dr. Hernichel","isPartOf":{"@id":"http:\/\/arbeitsrecht-hernichel.com\/#website"},"datePublished":"2016-06-20T22:57:23+00:00","dateModified":"2017-09-29T12:36:10+00:00","breadcrumb":{"@id":"http:\/\/arbeitsrecht-hernichel.com\/?page_id=11903#breadcrumb"},"inLanguage":"de-DE","potentialAction":[{"@type":"ReadAction","target":["http:\/\/arbeitsrecht-hernichel.com\/?page_id=11903"]}]},{"@type":"BreadcrumbList","@id":"http:\/\/arbeitsrecht-hernichel.com\/?page_id=11903#breadcrumb","itemListElement":[{"@type":"ListItem","position":1,"name":"Startseite","item":"http:\/\/arbeitsrecht-hernichel.com\/"},{"@type":"ListItem","position":2,"name":"Impressum"}]},{"@type":"WebSite","@id":"http:\/\/arbeitsrecht-hernichel.com\/#website","url":"http:\/\/arbeitsrecht-hernichel.com\/","name":"Kanzlei f\u00fcr Arbeitsrecht Dr. Hernichel","description":"Erfolg im Arbeitsrecht f\u00fcr Arbeitnehmer und Betriebsr\u00e4te!","potentialAction":[{"@type":"SearchAction","target":{"@type":"EntryPoint","urlTemplate":"http:\/\/arbeitsrecht-hernichel.com\/?s={search_term_string}"},"query-input":"required name=search_term_string"}],"inLanguage":"de-DE"}]}},"_links":{"self":[{"href":"http:\/\/arbeitsrecht-hernichel.com\/index.php?rest_route=\/wp\/v2\/pages\/11903"}],"collection":[{"href":"http:\/\/arbeitsrecht-hernichel.com\/index.php?rest_route=\/wp\/v2\/pages"}],"about":[{"href":"http:\/\/arbeitsrecht-hernichel.com\/index.php?rest_route=\/wp\/v2\/types\/page"}],"author":[{"embeddable":true,"href":"http:\/\/arbeitsrecht-hernichel.com\/index.php?rest_route=\/wp\/v2\/users\/1"}],"replies":[{"embeddable":true,"href":"http:\/\/arbeitsrecht-hernichel.com\/index.php?rest_route=%2Fwp%2Fv2%2Fcomments&post=11903"}],"version-history":[{"count":4,"href":"http:\/\/arbeitsrecht-hernichel.com\/index.php?rest_route=\/wp\/v2\/pages\/11903\/revisions"}],"predecessor-version":[{"id":12276,"href":"http:\/\/arbeitsrecht-hernichel.com\/index.php?rest_route=\/wp\/v2\/pages\/11903\/revisions\/12276"}],"wp:attachment":[{"href":"http:\/\/arbeitsrecht-hernichel.com\/index.php?rest_route=%2Fwp%2Fv2%2Fmedia&parent=11903"}],"curies":[{"name":"wp","href":"https:\/\/api.w.org\/{rel}","templated":true}]}}

<div  class="fusion-fullwidth fullwidth-box nonhundred-percent-fullwidth"  style='background-color: rgba(255,255,255,0);background-position: center center;background-repeat: no-repeat;padding-top:0px;padding-right:0px;padding-bottom:0px;padding-left:0px;'><div class="fusion-builder-row fusion-row "><div  class="fusion-layout-column fusion_builder_column fusion_builder_column_1_1  fusion-one-full fusion-column-first fusion-column-last 1_1"  style='margin-top:0px;margin-bottom:0px;'>
			<div class="fusion-column-wrapper" style="background-position:left top;background-repeat:no-repeat;-webkit-background-size:cover;-moz-background-size:cover;-o-background-size:cover;background-size:cover;"  data-bg-url="">
				<p>Dr. Erhard Hernichel<br />
Rechtsanwalt<br />
Fachanwalt für Arbeitsrecht<br />
Friedrichstraße 2-6<br />
60323 Frankfurt am Main</p>
<p>Tel. 069 24247700<br />
Fax 069 24247701<br />
E-Mail  kanzlei@hernichel.com</p>
<p>Inhaltlich verantwortlich für diese Seite: Dr. Erhard Hernichel</p>
<p><strong>Zuständige Aufsichtsbehörde</strong></p>
<p>Rechtsanwaltskammer Frankfurt am Main<br />
Bockenheimer Anlage 36<br />
60322 Frankfurt am Main<br />
Tel. 069 170098-01<br />
Fax 069 170098-50<br />
Elektronische Post: info@rechtsanwaltskammer-ffm.de<br />
Internet: www.rechtsanwaltskammer-ffm.de</p>
<p><strong>Berufsbezeichnung</strong></p>
<p>Herr Dr. Erhard Hernichel ist nach dem Recht der Bundesrepublik Deutschland als Rechtsanwalt zugelassen. Er ist Mitglied der Rechtsanwaltskammer Hessen.</p>
<p><strong>Umsatzsteueridentifikationsnummer (§ 27a UStG)</strong></p>
<p>USt-ldNr.: DE200273284</p>
<p><strong>Berufsrechtliche Regelungen</strong></p>
<p>Die Tätigkeit des Rechtsanwalts unterliegt folgenden berufsrechtlichen Regelungen:</p>
<p>Bundesrechtsanwaltsordnung (BRAO)<br />
Berufsordnung für Rechtsanwälte (BORA)<br />
Fachanwaltsordnung (FAO)<br />
Gesetz über die Tätigkeit europäischer Rechtsanwälte in Deutschland (EuRAG)<br />
Berufsregeln der Rechtsanwälte der Europäischen Union (CCBE-Berufsregeln)<br />
Berufsrechtliche Ergänzungen zum Geldwäschebekämpfungsgesetz (GwG)<br />
Rechtsanwaltsvergütungsgesetz (RVG)<br />
Die aktuellen Fassungen der Gesetze können über die Homepage der Bundesrechtsanwaltskammer – www.brak.de – in der Rubrik „Berufsrecht“ eingesehen und abgerufen werden.</p>
<p><strong>Berufshaftpflichtversicherung</strong></p>
<p>HDI Versicherung AG<br />
HDI-Platz 1<br />
30659 Hannover<br />
Räumlicher Geltungsbereich: geografisches Europa</p>
<p><strong>Außergerichtliche Streitschlichtung:</strong></p>
<p>Bei außergerichtlichen Streitigkeiten zwischen Rechtsanwälten und ihren Auftraggebern besteht auf Antrag die Möglichkeit der außergerichtlichen Streitschlichtung<br />
bei der regionalen Rechtsanwaltskammer Frankfurt am Main (§ 73 Abs. 2 Nr. 3 i. V. m. § 73 Abs. 5 BRAO),<br />
bei der Schlichtungsstelle der Rechtsanwaltschaft bei der Bundesrechtsanwaltskammer (§ 191 f. BRAO), im Internet zu finden über die Bundesrechtsanwaltskammer www.brak.de, E-Mail: schlichtungsstelle@brak.de.<br />
oder über die europäische Onlinestreitbeilegungs-Plattform (OS-Plattform), im Internet zu finden unter https://webgate.ec.europa.eu/odr/main/index.cfm?event=main.home.show&amp;lng=DE.</p>
<div class="fusion-clearfix"></div>

			</div>
		</div></div></div>

<!-- This site is optimized with the Yoast SEO plugin v19.14 - https://yoast.com/wordpress/plugins/seo/ -->
<title>Impressum - Kanzlei für Arbeitsrecht Dr. Hernichel</title>
<meta name="robots" content="index, follow, max-snippet:-1, max-image-preview:large, max-video-preview:-1" />
<link rel="canonical" href="http://arbeitsrecht-hernichel.com/?page_id=11903" />
<meta property="og:locale" content="de_DE" />
<meta property="og:type" content="article" />
<meta property="og:title" content="Impressum - Kanzlei für Arbeitsrecht Dr. Hernichel" />
<meta property="og:url" content="http://arbeitsrecht-hernichel.com/?page_id=11903" />
<meta property="og:site_name" content="Kanzlei für Arbeitsrecht Dr. Hernichel" />
<meta property="article:modified_time" content="2017-09-29T12:36:10+00:00" />
<meta name="twitter:card" content="summary_large_image" />
<meta name="twitter:label1" content="Geschätzte Lesezeit" />
	<meta name="twitter:data1" content="2 Minuten" />
<script type="application/ld+json" class="yoast-schema-graph">{"@context":"https://schema.org","@graph":[{"@type":"WebPage","@id":"http://arbeitsrecht-hernichel.com/?page_id=11903","url":"http://arbeitsrecht-hernichel.com/?page_id=11903","name":"Impressum - Kanzlei für Arbeitsrecht Dr. Hernichel","isPartOf":{"@id":"http://arbeitsrecht-hernichel.com/#website"},"datePublished":"2016-06-20T22:57:23+00:00","dateModified":"2017-09-29T12:36:10+00:00","breadcrumb":{"@id":"http://arbeitsrecht-hernichel.com/?page_id=11903#breadcrumb"},"inLanguage":"de-DE","potentialAction":[{"@type":"ReadAction","target":["http://arbeitsrecht-hernichel.com/?page_id=11903"]}]},{"@type":"BreadcrumbList","@id":"http://arbeitsrecht-hernichel.com/?page_id=11903#breadcrumb","itemListElement":[{"@type":"ListItem","position":1,"name":"Startseite","item":"http://arbeitsrecht-hernichel.com/"},{"@type":"ListItem","position":2,"name":"Impressum"}]},{"@type":"WebSite","@id":"http://arbeitsrecht-hernichel.com/#website","url":"http://arbeitsrecht-hernichel.com/","name":"Kanzlei für Arbeitsrecht Dr. Hernichel","description":"Erfolg im Arbeitsrecht für Arbeitnehmer und Betriebsräte!","potentialAction":[{"@type":"SearchAction","target":{"@type":"EntryPoint","urlTemplate":"http://arbeitsrecht-hernichel.com/?s={search_term_string}"},"query-input":"required name=search_term_string"}],"inLanguage":"de-DE"}]}</script>
<!-- / Yoast SEO plugin. -->

Impressum - Kanzlei für Arbeitsrecht Dr. Hernichel

Kanzlei für Arbeitsrecht Dr. Hernichel

Erfolg im Arbeitsrecht für Arbeitnehmer und Betriebsräte!
